- 2*g - 3. Let h be z(-1). Let t = 586 + h. What is the hundreds digit of t?
1
Suppose 0 = -z + 2*s - 262, -144 = 2*z - 5*s + 385. Let x = z - -576. What is the units digit of x?
4
Let f(o) = -4*o + 71. Let m(u) = 2*u - 36. Let q(s) = -4*f(s) - 7*m(s). Let k be q(0). Let c = 53 - k. What is the tens digit of c?
8
Let y be ((-28)/(-56))/(1/8). Suppose -1679 = -4*n - 3*g + 67, 0 = y*n + 5*g - 1750. What is the units digit of n?
5
Let j be (-1)/(-4) + (-33)/(-12). Suppose -3*h + 2592 = -j*u, -3*h - u + 2627 = 3*u. What is the hundreds digit of h?
8
Let a(g) = 6*g + 6. Let x(i) = -30*i - 30. Let h(y) = 24*a(y) + 5*x(y). Suppose 3*o + 2*n + 8 = 0, -6*o + 3*n = -2*o + 39. What is the tens digit of h(o)?
3
Suppose 29*a + 11807 + 21369 = 0. What is the hundreds digit of (-410872)/a - (-3)/((-39)/2)?
3
Suppose 5*m = -3*o + 910, m + o = -3*o + 199. Suppose -4*x + 125 + 15 = 0. Suppose 0 = 2*d + 2*w - 104, -m = -4*d + 2*w + x. What is the tens digit of d?
5
Suppose 81548 = 3*j + 14*j - 54418. What is the tens digit of j?
9
Let a be 12/24 - (-2)/(4/(-183)). Let l = a + 188. What is the tens digit of l?
9
Let w = -961 + 1948. Let r = w + -673. What is the hundreds digit of r?
3
Let x be 195/(-78)*3/((-15)/(-8)). Let r(y) = -4*y**3 - 4*y**2 + 6*y - 8. What is the hundreds digit of r(x)?
1
Suppose 128*t = 87*t + 80155. What is the hundreds digit of t?
9
Suppose 18229 = 2*c + 2*f + 5761, 3*f + 24908 = 4*c. What is the hundreds digit of c?
2
Suppose -10520 = -41*s + 4*s + 429928. What is the hundreds digit of s?
9
Let u = 37247 + -16290. What is the hundreds digit of u?
9
Let w = -27 + 95. Suppose 4*h - w = 2*z + 226, 2*h + z = 137. Suppose f - 22 - h = 0. What is the units digit of f?
3
Suppose 0 = -9*o + 101*o - 398176. What is the tens digit of o?
2
Suppose -13*s = -19*s - 14892. What is the tens digit of (1 - -1)*s/(-68)?
7
Let x(i) = i**3 + 42*i**2 + 42*i + 41. Let f be x(-41). Suppose f*o - 11*o = -12452. What is the hundreds digit of o?
1
Let h(f) = 33*f + 21. Let a be h(-5). What is the units digit of a/(-30)*(14 + 1)?
2
Let k = 9 - 7. Suppose 0 = -k*x + 4*o + 4, 0 = -4*x - o - 1. Suppose 4*q + q = 20, -3*j - 5*q + 56 = x. What is the tens digit of j?
1
Suppose h + 184 = 5*m - 338, 2*h + 5*m = -1119. Let s = h + 819. What is the hundreds digit of s?
2
Let j(t) be the third derivative of 211*t**4/24 - 55*t**3/6 + 170*t**2. What is the units digit of j(5)?
0
Let z = -269 - -274. Suppose -4*p + 2047 = 3*h - z*p, -4*p = 3*h - 2027. What is the hundreds digit of h?
6
Let n = 193 + -191. Suppose -4*o + 20 = -0*h - 2*h, h - n = 0. What is the units digit of o?
6
Let u be 1/(4/2) - 99/(-22). Suppose 2*l = -10, -1529 = 7*h - 10*h - u*l. What is the units digit of h?
8
Suppose 5*l + 4*j = 96, -4*l = -j + 3*j - 78. Suppose x = i - l, -4*i + 2*x + 94 = i. What is the tens digit of i?
1
Let y = 16 - 4. Suppose -4 = y*z - 10*z. What is the units digit of (0 + (-70)/(-4))*(-8)/z?
0
Let r be 5618 + (-9)/(-6)*(-10)/3. Suppose -9*b = -7896 - r. What is the hundreds digit of b?
5
Let i(j) = -28*j**2 + 38*j + 47*j**2 + 57 - 20*j**2. What is the units digit of i(24)?
3
Let j(h) = -39*h + 7985. What is the tens digit of j(68)?
3
Let k(i) = -i**2 + 15*i - 32. Let l be k(12). Suppose 5*s = -l*n + 853, 0*s = 4*n - s - 847. What is the units digit of n?
2
Let u be (43/(-2))/((-2)/(-4)). Let l = 130 + u. Suppose 229 = p + l. What is the hundreds digit of p?
1
Let m(b) = -59*b**3 + 270*b**3 - 2 + 0. What is the units digit of m(1)?
9
Let g = -17837 - -28637. What is the tens digit of g?
0
Let r(x) = -x**3 - 38*x**2 + 40*x + 74. Let a be r(-39). Suppose a*q - 1168 = 31*q. What is the hundreds digit of q?
2
Let k(l) = -2*l. Let a be k(-3). Suppose 24*c + a = 30*c. What is the units digit of (-3058)/(-11) + 2 + c?
1
Let c = -5826 - -11458. What is the thousands digit of c?
5
Suppose w - 7 = 2*t, 2*w - 5*w = 5*t - 65. Let n be (13/(-39))/((-1)/w*1). Suppose 0 = -n*y + 11*y - 144. What is the tens digit of y?
2
Suppose 5*u - 170 = 3*j, 0 = -u - 3*j + 34. Suppose -23*h = -6*h + u. What is the tens digit of -5*(h + 80/(-25))?
2
Let g(p) = -p**2 + p + 101. Let k be g(0). Suppose 307 - k = 2*o. Let s = o - -1. What is the tens digit of s?
0
Suppose -4*o + o = -24. Suppose -22*n - 8 = -74. Suppose 75 = g + y, -3*g + o*g - 351 = n*y. What is the units digit of g?
2
Let a = 130 - 55. Let u = 77 - a. Suppose 2*r + u*r - 4*x - 656 = 0, 0 = -4*r + x + 656. What is the units digit of r?
4
Suppose -12556 = -4*k + 4*g, -13*k - 4*g + 15722 = -8*k. Suppose 2086 + k = 4*n. What is the thousands digit of n?
1
Suppose 24*k + 3*x = 29*k - 105603, 105602 = 5*k - 2*x. What is the tens digit of k?
2
What is the thousands digit of (-28314)/(-15) - 56/(-140)?
1
Let n = -60630 - -119025. What is the ten thousands digit of n?
5
Suppose -68*m + 86935 = -107001. What is the tens digit of m?
5
Let w be (-5)/(-2)*(-32)/(-20). Suppose b - 111 = n, -3*n = n + w. Suppose 3*j = 3*c - b + 2, -72 = -2*c + 5*j. What is the tens digit of c?
3
Suppose 10*k = v + 8*k - 12195, 0 = 3*v + 4*k - 36545. What is the units digit of v?
7
Let h be 4 - (5 + 1) - -2. Suppose 3*j - 165 - 180 = h. What is the tens digit of j?
1
Suppose 5*l + 8 = 8. Suppose -162 = -4*c - 2*z, -3*c + l*c + 4*z = -149. Let i = 13 + c. What is the units digit of i?
6
Let h = -1354 - -2408. Suppose -h = -2*x + 264. What is the tens digit of x?
5
Let g(y) = 56*y**2 - 23*y + 1109. What is the units digit of g(14)?
3
Let k(c) = -398*c - 28. Let h(r) = -3183*r - 225. Let b(v) = 4*h(v) - 33*k(v). What is the units digit of b(1)?
6
Suppose -5*q + 1788 = -9*q. Let f = q + 1180. What is the tens digit of f?
3
Let j = -19079 - -42554. What is the units digit of j?
5
What is the units digit of 2 + (-1234659)/(-3 + -14)?
9
Let z(b) = -8*b - 55. Let o be z(-8). Suppose -7*h + 4*h + o = 0. Suppose 2*q - 3*i = 324 - 16, -q - h*i = -145. What is the hundreds digit of q?
1
What is the units digit of ((-350660)/(-1602))/(1/153)?
0
Let n(o) = -o + 11. Let w be n(6). Suppose 0*t - 540 = -w*t. Let s = 270 - t. What is the hundreds digit of s?
1
Let v(x) = 8*x - 13 - 107*x**2 + 4*x + 106*x**2 - 12 + 72*x**3. What is the units digit of v(2)?
1
Let f = 1439 + -307. Suppose 10*c - f + 12 = 0. What is the units digit of c?
2
What is the tens digit of (-721)/(-103)*(0 + 18787/7)?
8
Let y be (15/6)/((-12)/(-72)). Suppose s - 54 + y = 0. What is the tens digit of s?
3
Let f be -10*(6/(-24))/(1/26). Let c = 24 + f. Suppose 0 = 3*w - 142 - c. What is the units digit of w?
7
Suppose 23*b = 21*b + 6. Suppose 5*v = -b*v + 5584. Suppose v = 8*f - 438. What is the units digit of f?
2
Suppose -3*d + 3 = 4*w - w, 1 = -2*w - 5*d. Suppose 3*g - 1685 = -w*g. Suppose 4*o - 35 = g. What is the units digit of o?
3
What is the hundreds digit of ((-20)/(-12))/5 - (-2)/((-72)/(-2093172))?
1
Let n be 3*-1 + 3 + -3 + 5. Suppose -r - 5*i + 451 = -726, n*r = 3*i + 2406. What is the thousands digit of r?
1
Let o be (-17 + 13)*3*1/(-4). Suppose -4*c = o*x - 1224, -4*c + 9 - 21 = 0. What is the tens digit of x?
1
Let i be ((-16)/(-12) - 1)*78. Suppose 0 = -48*u + i*u + 20944. What is the units digit of u?
2
Suppose -4*k = 2*v + 1680, 5*v + 4200 = -k + 3*k. What is the tens digit of (172/6)/((-40)/v)?
0
Let i(f) = -57*f**3 + 13*f**2 + 61*f + 185. What is the tens digit of i(-10)?
7
Let z(g) = -g**2 + 14*g - 45. Let x be z(6). What is the tens digit of (-3 - x) + 828 + -1?
2
Suppose -3*j + 33 - 17 = l, -5*j + 23 = -2*l. Suppose 0 = -j*s + 3822 + 898. What is the tens digit of s?
4
Let g be (63*(-2)/8)/(8/(-736)). Suppose 19*z - 413 = g. What is the units digit of z?
8
Let r be (-388)/(-36) - (-18)/81. Let o be (5 - 1) + 3 + -1. Let k = r - o. What is the units digit of k?
5
Let z = -37 + 48. Suppose 14*m + 4*s = z*m + 2131, 5*m = -5*s + 3560. What is the units digit of m?
7
Suppose 337154 = 56*x - 419182. What is the units digit of x?
6
Let t = -21950 + 23568. What is the units digit of t?
8
Let p = -614 + 1011. Let v = p + 173. What is the hundreds digit of v?
5
Suppose 14*j - 6263 = 12343. What is the tens digit of j?
2
Let v(q) = 21*q**3 + q**2 + 10*q - 4. Let w be v(3). Let i = w - 241. What is the hundreds digit of i?
3
Let o(q) = 125*q**2 + 8*q + 12. Let y be o(-2). Suppose 5*j + 2*z - 2516 = 0, 24*j 